 44*y + 9. Let i(q) = -2*q**2 - 86*q + 18. Let a(l) = -11*d(l) + 6*i(l). What are the prime factors of a(-14)?
3, 29
What are the prime factors of ((-4)/(-8))/((-38)/(-23180))?
5, 61
What are the prime factors of 1/((-4)/(-110))*(2039 - 1221)?
5, 11, 409
Let c = 62 + -45. Let w be 1 - (1 - -2)/3*c. Let s = 50 + w. What are the prime factors of s?
2, 17
Let l(q) = 10*q - 5. Let a = 55 + -34. What are the prime factors of l(a)?
5, 41
Let k be (14/10)/(4/20). Let a(y) = 24*y + 40*y - k*y - 3 - 16*y. What are the prime factors of a(4)?
7, 23
Suppose -15*s - 30 = -30*s. Suppose s*b + 2*i - 211 - 91 = 0, 3*b - 2*i = 438. List the prime factors of b.
2, 37
Suppose 5*l - 4*o - 51312 = -3*l, 4*l - 5*o - 25650 = 0. What are the prime factors of l?
5, 1283
Let c be 95 + 4 + (0 - (-4 - -6)). Let h = -97 + c. Suppose z - 4*r - 109 = h, 4*z + 5*r - 526 = 3*r. List the prime factors of z.
3, 43
Let n = 92 + 312. Let a be (2 + 17)*(-42)/(-3 + -3). Let b = n - a. List the prime factors of b.
271
Suppose -5*k = -2*j + 7435, -5*j + 51*k - 47*k = -18630. What are the prime factors of j?
2, 5, 373
Let j be ((-454)/(-8))/((-3)/12). Let g = j - -162. Let h = 130 + g. List the prime factors of h.
5, 13
Let o = 85 - 84. Suppose -17 = -a + o. List the prime factors of a.
2, 3
Let n(y) = -3*y + 12. Let z be n(-12). Let c = z - -15. Let p = 73 - c. What are the prime factors of p?
2, 5
Let y(h) = 1 - 2*h + 6*h**2 - 23*h - 31 - h + 13*h. List the prime factors of y(12).
2, 3, 113
Let x = 167237 + -113381. List the prime factors of x.
2, 3, 11, 17
Suppose 2*m + 5*c - 61195 = 0, 4*m + 2*c = 270 + 122064. List the prime factors of m.
2, 5, 11, 139
Suppose 2*r - 67 = 343. Let j = r + 14. Suppose -89 - j = -4*f. What are the prime factors of f?
7, 11
Let s(n) = -n**2 - 2*n - 17. Let g be s(0). Let v = g - -19. Suppose -v*k + 108 = k. What are the prime factors of k?
2, 3
Let u = 87 + 313. What are the prime factors of (-12)/(-42)*7 + u?
2, 3, 67
Suppose -6 - 2 = -2*h. Suppose -2*u - 4*s + h = 0, 4*u + 3*s - 6 = 2. Suppose 3*p - 3*z - 210 = 0, u*z = 5*p - 188 - 168. What are the prime factors of p?
2, 3
Let f be 1 - (-1 + 7)/((-48)/(-32)). What are the prime factors of (6/(-2 - 1))/1*f?
2, 3
Let c(v) be the second derivative of -13*v**3/6 + 175*v**2 + 247*v. List the prime factors of c(21).
7, 11
Suppose -2*a + 5403 = -2057. List the prime factors of a.
2, 5, 373
Let i(a) = 186*a - 2 - 38 + 6 - 3*a. List the prime factors of i(4).
2, 349
Let d = 53361 + -37389. What are the prime factors of d?
2, 3, 11
Let p(r) = -27470*r**3 + 3*r**2 - 28*r - 32. What are the prime factors of p(-1)?
13, 2113
Suppose 277 = -6*j + 1747. Let h = j + -47. List the prime factors of h.
2, 3, 11
Let s(j) = 44*j**2 + 13*j - 69. What are the prime factors of s(-15)?
2, 3, 11, 73
Let t = 4644 - 10255. Let a = t + 3913. List the prime factors of (1 - a/30) + (-2)/(-5).
2, 29
Let m be 1/(1/(-55))*(-28)/(-35). Let x = m - -46. Suppose -b - t = -x*t - 104, 0 = -3*b + 2*t + 316. List the prime factors of b.
2, 3
Suppose -7*m + 52 = 6*m. Suppose v + v - 1456 = 0. Suppose 4*x - s = m*s + v, -5*x = -4*s - 919. What are the prime factors of x?
11, 17
Suppose z + 6 = 6*f, -3*f + 2*z = -9 + 15. Let y = 243 + -171. Suppose f*v - 138 = -r, 3*r = -5*v + y + 343. What are the prime factors of r?
2, 5, 7
Let x(j) = -j**3 - 17*j**2 - 30*j + 15. Let u be x(-15). Let y = u + 321. List the prime factors of 1/((9/y)/(3/2)).
2, 7
Let k(v) = -4*v**3 + 26*v**2 + 99*v + 12. What are the prime factors of k(-12)?
2, 3, 5, 79
Suppose k - 10467 = u, 5*u = 62*k - 59*k - 31395. List the prime factors of k.
2, 3, 5, 349
Suppose 5*y = -276 + 31. Let q = 10622 - 10627. Let u = q - y. What are the prime factors of u?
2, 11
List the prime factors of 886184/273 + 14 + 2/(-21).
2, 5, 163
Let f(h) = h**2 + 74*h - 19. Let a be f(30). Suppose -305*d + a = -298*d. List the prime factors of d.
443
Let k = -594 - -305. Let v = k - -490. What are the prime factors of v?
3, 67
Suppose 10 = 3*h - 0*m - 2*m, -4*h = -4*m - 16. Suppose -h*b - 5*v + 1029 = 0, b + 0*b + 4*v - 522 = 0. List the prime factors of b.
2, 251
Let t(o) = -2*o**2 - 7*o + 7. Let g be t(-6). Let m be g - (-2 + 5/(15/6)). Let b = m + 123. List the prime factors of b.
2, 5
Let r(k) = 5*k**2 - k + 336. Let a be r(0). Suppose -11*h = -60 - a. List the prime factors of h.
2, 3
List the prime factors of 126/(-1701) - (-270708)/81.
2, 3, 557
Let v be (-9)/((-27)/(-382))*3/(-2). Let x = v + -3. List the prime factors of x.
2, 47
Let s(x) = -3*x - 56. Let p be s(-19). What are the prime factors of (-1 - -5)/(p/157 - 0)?
2, 157
Suppose 4*h + i + 3*i - 56 = 0, 0 = 2*h + 4*i - 38. Suppose -4*d + d = -h. What are the prime factors of d?
3
Suppose -20 = -2*z + 2. Suppose 0 = 3*t - 29 + z. Let j(w) = 16*w - 17. List the prime factors of j(t).
79
Suppose -o - 5*u + 36705 = 0, -5*o + 183378 = 1870*u - 1866*u. What are the prime factors of o?
2, 5, 19, 193
Let k(a) = -79*a**3 - 11*a**2 + 166*a + 1241. What are the prime factors of k(-7)?
3, 13, 683
Let s be (15 - 1) + (-24)/6. Suppose 15 = -s*u + 13*u. Suppose -2*h - 3*c = -124, 223 = 4*h - u*c - 47. List the prime factors of h.
5, 13
Suppose 3*i - 6*i = 3*i. Suppose o - 241 - 138 = i. Suppose h = -2*h - 15, 0 = -4*n + 3*h + o. List the prime factors of n.
7, 13
Suppose 22*a = 23*a + 2. Let z be (-4)/(-14) + (-2500)/28 - a. Let j = -18 - z. What are the prime factors of j?
3, 23
Suppose 0 = 5*y - 5*l + 680, -4*l = 5*y + l + 650. Let o = y - -200. List the prime factors of o.
67
Let u = 10151 + -4196. List the prime factors of u.
3, 5, 397
Let f = -122 + 706. Let x = f + -416. Suppose -5*j - x = -11*j. What are the prime factors of j?
2, 7
Let x = 1625 + -2408. Let q = -503 - x. List the prime factors of q.
2, 5, 7
Let x(j) = -7*j**3 + 11*j**2 + 9*j + 16. List the prime factors of x(-10).
2, 4013
Let h(y) = -237*y + 12473. What are the prime factors of h(-136)?
5, 8941
Let b(u) = u**3 + 8*u**2 + 5*u + 19. Suppose -2*t + 1 = 17. Let p be b(t). List the prime factors of 793*(-3)/p - 2/7.
113
Let a = 11 + -19. Let p(c) = -17109*c**2 + 12*c - 17115*c**2 + 34228*c**2. List the prime factors of p(a).
2, 5
Suppose 0 = 25*n + 14*n + 8*n - 1052471. List the prime factors of n.
7, 457
Let o(m) = m**3 + m**2 - 3*m - 15. Suppose 3*l = 4*i - l - 16, -l = 4. Let u be o(i). List the prime factors of (-1770)/25*50/u.
2, 59
Let q = 181 - 181. Suppose -5*z - 696 + 6921 = q. What are the prime factors of z?
3, 5, 83
Let a = -4245 + 5183. List the prime factors of a.
2, 7, 67
Let j = -350 - -398. What are the prime factors of (6*4/j)/(1/732)?
2, 3, 61
Suppose -4*t - 30 = -22. List the prime factors of t/24 + 46657/156.
13, 23
Let o = -1496 + 5064. List the prime factors of o.
2, 223
Let g = -12844 - -21720. List the prime factors of g.
2, 7, 317
Let l be ((-16)/(-10))/(6/(-15)) + 2. What are the prime factors of 395 - 5 - (l + 6)?
2, 193
Let d = 70 + -38. Suppose 0*s - 2*s = -4*b + 24, s + d = -2*b. Let a = 34 + s. What are the prime factors of a?
2, 3
Suppose -518*g + 794974 = -435*g. List the prime factors of g.
2, 4789
Let j = -757 + 1509. Let d = 1136 - j. List the prime factors of d.
2, 3
Suppose -72*t - 268*t + 1950070 + 1015410 = 0. List the prime factors of t.
2, 7, 89
Let a = -2107 + 2624. What are the prime factors of a?
11, 47
Let z(j) = 254*j - 284. Let f be z(31). Suppose 4*i - f = -482. List the prime factors of i.
1777
Let g(o) = 14388*o**3 + 4*o**2 + 37*o - 41. List the prime factors of g(1).
2, 3, 11, 109
Let g = -2473 - -5926. List the prime factors of g.
3, 1151
List the prime factors of (0 - (-15)/5) + (-7 - -10) + 74812.
2, 37409
Let c be (-3)/(-6) + 0 - 18/(-4). Suppose 2*g - 98 = -c*g. Suppose 3*u - g = u. What are the prime factors of u?
7
Suppose 396 = 4*m + 84. Let h = -78 + m. Suppose 77 = a + 3*t, a + h*t = -4*t + 82. List the prime factors of a.
2, 31
What are the prime factors of -4 + (-37832)/4*(-3)/6?
3, 5, 7
Let c be (6/5)/((-8)/20). Let i be 10/2 + c + 3. Suppose -v + 5 = 0, i*v + 56 = -5*y + 796. What are the prime factors of y?
11, 13
Let b(p) = p**3 + 5*p**2 - 8*p - 8. Let i be b(-6). Suppose 12 = -i*s + 316. Suppose s*q - 648 = 72*q. What are the prime factors of q?
2, 3
Let a(q) = 20*q**2 + 60*q + 650. List the prime factors o